 and 72?
9
Suppose 0 = -3*f - 2*f + 10. Let b be f/7 + 552/28. Suppose 4*a - 3*w = 337 - 125, -4*w - 16 = 0. Calculate the highest common divisor of b and a.
10
Suppose -5*f = -f. Let q be f - 3/6*0. Suppose 5*z - 6*z + 1 = q. Calculate the greatest common divisor of z and 1.
1
Let d = -1 + 4. Suppose 4*j = -4*s - 9 - 7, -2*j = -5*s - 6. Let v = s + 4. Calculate the greatest common divisor of v and d.
1
Let a be 2/((-2)/(-3)) - -452. Suppose 4*q = -q + a. Calculate the highest common divisor of 13 and q.
13
Suppose 3*a + 156 = 3*q, 5*q + 0*a + 4*a - 278 = 0. What is the greatest common factor of 6 and q?
6
Let g(q) = 7*q**2 - 5*q + 7. Let u be g(8). Let r = -280 + u. What is the highest common factor of 15 and r?
15
Let s be 182/(-28)*(1 + 99). Let t be s/(-4) + (-11)/22. What is the highest common factor of 18 and t?
18
Let b(i) = i + 24. Let p be b(0). Calculate the highest common divisor of p and 16.
8
Let b be -2 - (-1194)/(-4)*-2. Suppose -i - 37 = -a + 74, b = 5*a + 5*i. What is the greatest common factor of a and 46?
23
Let d be (15/9 - 2)*(-6 + 3). What is the highest common factor of 1 and d?
1
Suppose 0 = -9*d + 7*d + 30. What is the highest common factor of d and 3?
3
Let s = 30 + 7. Calculate the highest common factor of 111 and s.
37
Let n(w) = -2*w**3 + 2*w + 1. Let b be n(-1). Let l(o) = o**2 - 5*o - 5. Let f be l(5). Let c = 3 - f. Calculate the highest common factor of b and c.
1
Let d(t) = 20*t**2 - 9. Let s be d(3). Calculate the greatest common factor of s and 19.
19
Suppose 3*t + 47 = 191. Calculate the greatest common divisor of t and 16.
16
Suppose 3*r = -9, -6*j + 3*r + 25 = -4*j. Let a = -6 + j. Calculate the highest common factor of 6 and a.
2
Let k be 2/(-2)*(-3 + -17). Suppose 36 = 4*a + 4*c, -6*c + 2*c - 36 = -5*a. Calculate the greatest common divisor of k and a.
4
Suppose 3*v = p - 135 + 41, -p + v = -92. Calculate the highest common divisor of p and 14.
7
Let v = 141 - 81. Let x(k) = -k**3 - 6*k**2 + 8*k + 3. Let m be x(-7). Let d be ((-15)/2)/(2/m). Calculate the highest common divisor of v and d.
15
Suppose -3*m - 2*q + 56 = 0, -4*q - 88 + 2 = -5*m. Let b be (30/m)/((-2)/(-42)). What is the highest common divisor of b and 14?
7
Let m(i) = -i**2 + i + 18. Let v be m(0). Calculate the greatest common factor of 18 and v.
18
Let l be (12/30)/(4/260). What is the highest common factor of 169 and l?
13
Suppose -4*n = -11*n + 1071. Let b(s) = -s**3 + 8*s**2 - 4*s - 4. Let h be b(7). What is the highest common divisor of h and n?
17
Suppose -267 = -5*s - 12. Let u = -206 + 240. What is the highest common factor of u and s?
17
Suppose -3*p + 63 = -0*p. Let d = -259 - -847. Suppose 0 = 3*r + r - d. Calculate the highest common divisor of p and r.
21
Suppose 0 = -5*v + 38 + 72. Suppose s - v = x, s + s = -3*x + 39. What is the highest common divisor of 21 and s?
21
Let n = -8 - -4. Let x be (2 + 70/(-4))*n. Suppose -6 + x = 4*o. What is the greatest common divisor of o and 14?
14
Suppose 0*a = 3*a. Suppose -5*k + 65 = -a*k. Let d = -8 + k. Calculate the greatest common divisor of d and 40.
5
Let g = -33 - -51. What is the greatest common divisor of 6 and g?
6
Let g(r) = r**3 + 12*r**2 - 14*r + 1. Let y be g(-13). Let f(j) = 2*j**2 + 13*j + 11. Let v be f(-8). What is the highest common divisor of v and y?
7
Let y(s) = -s**3 + s**2 + 4*s + 3. Let h be y(-2). Let l = 29 + -18. Suppose -l = 5*a - 116. What is the greatest common divisor of h and a?
7
Let k(o) = o - 4. Let s be k(6). Suppose -17 = -s*f - 3. What is the greatest common factor of 56 and f?
7
Let y be (-1)/3*1*-51. Let s(z) = z**2 - 7*z - 2. Let q be s(5). Let d = y + q. What is the greatest common factor of d and 20?
5
Let s = 6 + 4. Suppose -2 + s = -c. Let a = 11 + c. Calculate the highest common divisor of 27 and a.
3
Let u(r) = 0 + 1 + r**2 + 0 - 2*r**2 + 6*r. Suppose 0 = 3*y + 4 - 19. Let n be u(y). What is the greatest common factor of 4 and n?
2
Suppose 3*m = -3*b + 230 + 16, -4*m - 2*b + 326 = 0. What is the highest common divisor of m and 9?
9
Let y = 103 - 94. Calculate the highest common factor of y and 9.
9
Suppose 5 = -5*o - r + 44, 2*o + 3*r = 26. Suppose o*d = 3*d + 252. What is the highest common divisor of 9 and d?
9
Let q be (-10)/(-3) + 4/6. Let r = q + -1. Suppose -4*m + 309 = -b, m - 78 = -2*b + r*b. Calculate the highest common divisor of 11 and m.
11
Let b be 40/(-15)*6/4. Let u be ((-78)/3 - 1)*b. Suppose -2*z + 12 = -z. Calculate the greatest common divisor of z and u.
12
Let i be 46/8 - (-3)/12. Let g = 5 - 3. What is the highest common factor of i and g?
2
Let a = 16 + 7. What is the greatest common divisor of 115 and a?
23
Let u = -33 - -47. What is the highest common factor of 42 and u?
14
Let b(g) = 177*g**2 - 1. Let h be b(-1). Let p be h/24*(-3)/(-2). Calculate the greatest common factor of 44 and p.
11
Suppose -3*l - 78 = -6. Let j = -14 - l. Calculate the greatest common factor of j and 30.
10
Let o be (12/(-1))/((-4)/(-130)). Let k be (o/9)/(1/(-3)). What is the greatest common divisor of 13 and k?
13
Let u be (16/6)/(15/225). What is the highest common divisor of u and 320?
40
Let s(h) = h + 7. Suppose -l = -0*l - 8. Let b be s(l). What is the highest common factor of 45 and b?
15
Let h(j) be the second derivative of -j**3/2 - j**2 + 2*j. Suppose -11 = 4*u - 3. Let v be h(u). Calculate the highest common factor of v and 44.
4
Let u = -1 + 1. Let i be (-18)/1 - (u + -1). Let w = 26 + i. Calculate the greatest common divisor of w and 63.
9
Suppose -5*z + 0 = 5. Let l be z - 3/(9/(-21)). Let c be (-168)/(-18) - 2/l. Calculate the highest common factor of c and 72.
9
Let c(x) = -x**3 - x**2 + x + 1. Let u be c(-2). Suppose -u*m = -7*m + 2048. Let q = m + -305. Calculate the greatest common divisor of 23 and q.
23
Let j be (1/(-2))/((-1)/36). Let g = -12 - -15. Calculate the highest common divisor of g and j.
3
Let f(y) = y**2 - 4*y - 5. Let v be f(5). Let k = 2 + v. Suppose -g - 5 = -k*g. What is the greatest common divisor of 5 and g?
5
Suppose -24*x + 29*x - 140 = 0. Let o(k) = k**3 - 5*k**2 - 4*k - 8. Let j be o(6). What is the highest common divisor of x and j?
4
Let n(a) = 5*a + 2*a - 5 - 12*a + 3*a. Let h be n(-5). Calculate the greatest common divisor of h and 1.
1
Let t = -20 + 34. What is the greatest common divisor of 98 and t?
14
Let p = -1 - -13. Calculate the highest common divisor of 384 and p.
12
Let s = 497 - 347. What is the greatest common factor of s and 6?
6
Suppose -6*q = 4 - 16. Suppose -36 = -0*h - 2*h. Calculate the greatest common divisor of h and q.
2
Suppose 2*s - 2 = 0, 3*u - 3 = 4*s - 1. Let h(j) = 2*j - 4. Let w be h(5). What is the greatest common factor of w and u?
2
Let t = -59 + 104. Let p(b) = -6*b**3 - b**2 + b + 1. Let n be p(-1). Calculate the greatest common divisor of t and n.
5
Suppose -4*j = 4*d - 32, j - 5*d + 4 - 24 = 0. Calculate the greatest common divisor of j and 30.
10
Suppose 4*i = -5*g + 509, 4*i = -4*g + 392 + 16. Let p = -41 + g. Suppose 4*h = 7*h - 5*s - 67, 5*h - 2*s = 118. What is the highest common factor of h and p?
12
Let j = 66 + 0. What is the greatest common divisor of 6 and j?
6
Suppose 3 = w - 3. Suppose -w = 3*g, k - 3*g - 10 = -1. Let o be 16 - k - (1 + -2). Calculate the highest common factor of 70 and o.
14
Let a = -34 - -114. Calculate the highest common divisor of 10 and a.
10
Let y(m) = -m + 6. Let s be y(6). Suppose -2*o = -2*t - 0*o, s = o - 4. Let l be (t/6)/(6/225). What is the greatest common factor of 5 and l?
5
Let c be (-57)/(-9)*(-3)/(-1). Let r(q) = -q**3 + 6*q**2 + 6*q - 1. Let b be r(-2). What is the highest common divisor of c and b?
19
Let w = -45 + 56. What is the greatest common factor of 22 and w?
11
Let n = 34 - 18. Suppose -16*z + 1936 = -5*z. What is the greatest common divisor of n and z?
16
Let z be 60/45*(29 - -1). What is the greatest common divisor of 8 and z?
8
Let y be ((-3)/(-9))/(3/18). Let d be y - (-6 - (0 - -2)). What is the highest common divisor of d and 70?
10
Let g be (-2)/(3 - (-274)/(-90)). Suppose -l - 2*l = -g. Suppose 9 = 2*m + 3. Calculate the greatest common divisor of m and l.
3
Let o(u) = 38*u**2 - 2*u - 1. Let n be o(2). Calculate the highest common factor of 21 and n.
21
Suppose 4*n - 14 = 3*o, -3*n + 6 = -0